ommon divisor of 99813 and 485.
97
Calculate the greatest common divisor of 130 and 40430.
130
What is the greatest common divisor of 1439 and 43?
1
Calculate the highest common divisor of 462944 and 184.
184
What is the highest common factor of 2100 and 257775?
525
Calculate the greatest common factor of 10105 and 141.
47
Calculate the highest common factor of 122318 and 196.
14
Calculate the greatest common factor of 2 and 22014.
2
Calculate the highest common factor of 74 and 320.
2
Calculate the greatest common divisor of 1068 and 55892.
356
Calculate the greatest common divisor of 3560 and 95.
5
Calculate the highest common factor of 60242 and 4186.
182
What is the highest common factor of 475080 and 5180?
740
Calculate the greatest common divisor of 3408 and 442614.
426
What is the greatest common divisor of 255470 and 40?
10
Calculate the highest common factor of 1007216 and 136.
136
Calculate the greatest common factor of 2275 and 1235.
65
What is the greatest common divisor of 8650 and 6400?
50
What is the greatest common factor of 929120 and 240?
80
What is the highest common factor of 3167298 and 72?
18
What is the highest common factor of 96822 and 39120?
978
Calculate the greatest common divisor of 14 and 479234.
14
Calculate the greatest common divisor of 68 and 1635876.
68
Calculate the greatest common divisor of 15 and 1138905.
15
What is the greatest common factor of 440 and 45?
5
Calculate the greatest common divisor of 28825 and 575.
25
Calculate the highest common divisor of 230 and 20285.
5
Calculate the highest common divisor of 2752 and 2832.
16
What is the greatest common divisor of 37 and 1073?
37
What is the highest common divisor of 586604 and 212?
212
Calculate the greatest common factor of 12591395 and 19.
19
What is the greatest common divisor of 25779 and 806?
13
Calculate the highest common factor of 68 and 21652.
4
What is the highest common factor of 40018 and 952?
34
Calculate the highest common factor of 31441 and 230.
23
What is the highest common factor of 2949 and 258?
3
Calculate the greatest common factor of 33864 and 2448.
408
What is the highest common divisor of 10668 and 50419?
127
Calculate the highest common factor of 1678581 and 738.
369
What is the highest common divisor of 31904 and 108673?
997
What is the highest common divisor of 144996 and 4214?
86
Calculate the greatest common factor of 18 and 59862.
6
Calculate the highest common divisor of 276176 and 82.
82
Calculate the greatest common divisor of 3 and 3581.
1
Calculate the highest common divisor of 248 and 10571.
31
Calculate the highest common divisor of 15114 and 407.
11
Calculate the highest common divisor of 99 and 737088.
33
What is the greatest common factor of 22956 and 12?
12
Calculate the greatest common divisor of 1089 and 1529.
11
What is the highest common factor of 510456 and 8?
8
What is the highest common divisor of 36 and 3879?
9
What is the highest common divisor of 603 and 3953?
67
What is the highest common factor of 3744 and 44512?
416
What is the greatest common factor of 14911 and 16523?
403
Calculate the greatest common factor of 52459 and 693.
11
What is the greatest common factor of 248 and 6356?
4
What is the highest common factor of 2569119 and 147?
147
Calculate the highest common divisor of 6741 and 651.
21
Calculate the greatest common factor of 1206 and 3270.
6
What is the highest common factor of 12670 and 2310?
70
What is the greatest common divisor of 858 and 4686?
66
What is the greatest common divisor of 69 and 16835241?
69
Calculate the highest common divisor of 707 and 150995.
101
What is the greatest common factor of 27684 and 36?
36
Calculate the highest common divisor of 932 and 707621.
233
Calculate the highest common divisor of 204 and 8194.
34
Calculate the highest common factor of 2871335 and 557.
557
Calculate the greatest common factor of 15 and 4008255.
15
What is the greatest common divisor of 24433 and 24894?
461
What is the highest common factor of 8636 and 113284?
508
What is the highest common factor of 161 and 516649?
161
What is the greatest common divisor of 137080 and 80?
40
Calculate the highest common divisor of 10478 and 52.
26
Calculate the highest common divisor of 75362 and 392.
98
Calculate the highest common factor of 1165703 and 14.
7
Calculate the greatest common factor of 30220 and 260.
20
What is the greatest common factor of 1316156 and 3516?
1172
Calculate the greatest common factor of 6 and 5182.
2
What is the greatest common factor of 65090 and 299?
23
Calculate the greatest common divisor of 140 and 45108.
28
Calculate the greatest common divisor of 3500 and 308.
28
What is the greatest common divisor of 4425 and 13200?
75
Calculate the greatest common divisor of 64 and 622912.
64
Calculate the highest common divisor of 60 and 298140.
60
What is the highest common factor of 2780050 and 1050?
350
Calculate the greatest common divisor of 984 and 18327.
123
Calculate the highest common divisor of 76 and 10221164.
76
Calculate the greatest common factor of 32995 and 10.
5
What is the highest common factor of 93028 and 520?
52
Calculate the highest common factor of 52292 and 51.
17
Calculate the greatest common divisor of 17 and 27.
1
What is the greatest common factor of 32 and 581096?
8
Calculate the highest common divisor of 27515 and 5.
5
What is the highest common factor of 46 and 5261066?
46
What is the greatest common factor of 1 and 147458?
1
Calculate the highest common divisor of 238 and 24718.
34
What is the highest common divisor of 348 and 10068?
12
Calculate the highest common factor of 46 and 29578.
46
Calculate the highest common factor of 44 and 162118.
22
Calculate the greatest common divisor of 1448 and 152.
8
What is the highest common factor of 711804 and 12?
12
What is the highest common factor of 550 and 850?
50
Calculate the highest common divisor of 7304 and 1468.
4
Calculate the highest common factor of 5627318 and 46.
46
What is the highest common divisor of 363 and 57?
3
Calculate the highest common divisor of 16213 and 2294.
31
Calculate the highest common divisor of 2667 and 294.
21
Calculate the greatest common factor of 145404 and 28.
28
Calculate the greatest common divisor of 700 and 38556.
28
Calculate the greatest common factor of 36 and 116874.
18
What is the highest common divisor of 528 and 7?
1
Calculate the highest common factor of 1278 and 143562.
426
Calculate the greatest common divisor of 456 and 300888.
24
What is the greatest common factor of 939264 and 128?
128
Calculate the greatest common factor of 376 and 235423.
47
What is the highest common divisor of 3 and 2713272?
3
What is the greatest common factor of 29524 and 76?
4
What is the greatest common divisor of 5502535 and 565?
565
What is the greatest common divisor of 522 and 306?
18
Calculate the greatest common factor of 1568848 and 32.
16
Calculate the greatest common factor of 12800 and 25088.
512
Calculate the greatest common factor of 12797 and 2292.
191
What is the highest common divisor of 197936 and 26132?
556
What is the greatest common factor of 158 and 10692?
2
Calculate the greatest common factor of 26741 and 364.
13
What is the highest common divisor of 1767 and 1984?
31
Calculate the highest common divisor of 522 and 1249929.
261
Calculate the greatest common factor of 1080 and 697545.
135
What is the greatest common divisor of 59924 and 284?
284
Calculate the highest common divisor of 63 and 55699.
7
Calculate the greatest common divisor of 728 and 376.
8
What is the highest common divisor of 192017 and 14?
7
Calculate the highest common divisor of 253 and 239062.
23
Calculate the greatest common factor of 1242 and 3583791.
621
What is the highest common divisor of 108 and 941193?
27
Calculate the greatest common factor of 168424 and 37.
37
Calculate the highest common divisor of 50662 and 2190.
146
Calculate the greatest common divisor of 2488487 and 19.
19
What is the greatest common factor of 88220 and 220?
220
What is the highest common factor of 8820 and 5100?
60
Calculate the greatest common divisor of 736653 and 744.
93
What is the greatest common factor of 137207 and 7?
7
What is the greatest common factor of 2603 and 331129?
137
What is 